{"id":2,"date":"2016-05-10T03:48:21","date_gmt":"2016-05-10T03:48:21","guid":{"rendered":"http:\/\/buy-art-now.de\/?page_id=2"},"modified":"2020-11-27T09:43:58","modified_gmt":"2020-11-27T09:43:58","slug":"sample-page","status":"publish","type":"page","link":"https:\/\/michael-koerner-art.com\/","title":{"rendered":"Michael K\u00f6rner Art"},"content":{"rendered":"<p style=\"font-weight: 400;\"><strong>Warum male ich so und nicht anders?<\/strong><\/p>\n<p style=\"font-weight: 400;\">Das hat etwas mit dem zu tun, was in der modernen Dienstleistungsgesellschaft alle Menschen beeinflusst:<\/p>\n<p style=\"font-weight: 400;\">Die Umstrukturierung der Arbeits-und Darstellungswelten geht hin zu&nbsp; immer exakteren Ergebnissen, zementiert in komplexen Computer-Programmen. Diese Entwicklung ist oft systemimmanent.<\/p>\n<p style=\"font-weight: 400;\">So arbeitet der moderne \u201eDienstleistungs-Mensch\u201c in \u00e4u\u00dferster Pr\u00e4zision mit seinen eigens daf\u00fcr entwickelten, digitalen Planungs- und Kalkulationswerkzeugen. Er versucht damit, planbar und verl\u00e4sslich, klar strukturiert und genau kalkulierend, alle Normen zu erf\u00fcllen und damit immer ein Optimum zu erzielen.<\/p>\n<p style=\"font-weight: 400;\">Bei den heutigen, virtuellen Welten &#8211; f\u00fcr Alles und Jedes werden Programme entwickelt &#8211; bleibt daher nichts dem Zufall \u00fcberlassen. Alles wird vorhersehbar. Sogar der zuf\u00e4llige Moment wird als Gestaltungtool bei einigen Mal-und Zeichenprogrammen programmiert. Fast nicht zu unterscheiden von dem realen spontanen Moment.<\/p>\n<p>Das Unkalkulierbare, der Moment, festgehalten in einem Farbspritzer vielleicht, das Handgemachte mit seinen Macken und Unzul\u00e4nglichkeiten, das Ungenaue, aber Ausdrucksstarke&nbsp; des \u201eSchnellen Handstrichs\u201c hat da schon lange keinen Platz mehr.<br \/>\nDaher sehen meine Bilder so aus, wie sie sind \u2013 Imperfekt wie die Welt, aus der sie entstammen. Ein fl\u00fcchtiger Blick auf unsere Umwelt &#8211;&nbsp; da auch die Zeit knapp geworden ist, mit der man sich mit einer Sache besch\u00e4ftigt.<br \/>\nDer Bildaufbau ist zwar \u00fcberlegt, dennoch spontan in der Ausf\u00fchrung, den Moment festgehalten in einem Farbspritzer, der unkalkulierbar auf das Blatt geworfen wurde:<\/p>\n<p style=\"font-weight: 400;\">Handgemacht, ohne digitale Medien.<\/p>\n<p style=\"font-weight: 400;\">Mit Werkzeugen des 20. Jahrhunderts: Pinsel, Spachtel, Kohlestift und Hand mit dem schnellen Handstrich, Farbe gewischt mit dem Finger; manchmal auch sehr konzentriert und ausgearbeitet, manchmal ungenauer und unpr\u00e4zise.<\/p>\n","protected":false},"excerpt":{"rendered":"<p>Warum male ich so und nicht anders? Das hat etwas mit dem zu tun, was in der modernen Dienstleistungsgesellschaft alle Menschen beeinflusst: Die Umstrukturierung der Arbeits-und Darstellungswelten geht hin zu&nbsp; immer exakteren Ergebnissen, zementiert in komplexen Computer-Programmen. Diese Entwicklung ist oft systemimmanent. So arbeitet der moderne \u201eDienstleistungs-Mensch\u201c in \u00e4u\u00dferster Pr\u00e4zision mit seinen eigens daf\u00fcr entwickelten, [&hellip;]<\/p>\n","protected":false},"author":1,"featured_media":0,"parent":0,"menu_order":0,"comment_status":"closed","ping_status":"open","template":"","meta":{"footnotes":""},"class_list":["post-2","page","type-page","status-publish","hentry"],"_links":{"self":[{"href":"https:\/\/michael-koerner-art.com\/index.php?rest_route=\/wp\/v2\/pages\/2","targetHints":{"allow":["GET"]}}],"collection":[{"href":"https:\/\/michael-koerner-art.com\/index.php?rest_route=\/wp\/v2\/pages"}],"about":[{"href":"https:\/\/michael-koerner-art.com\/index.php?rest_route=\/wp\/v2\/types\/page"}],"author":[{"embeddable":true,"href":"https:\/\/michael-koerner-art.com\/index.php?rest_route=\/wp\/v2\/users\/1"}],"replies":[{"embeddable":true,"href":"https:\/\/michael-koerner-art.com\/index.php?rest_route=%2Fwp%2Fv2%2Fcomments&post=2"}],"version-history":[{"count":2,"href":"https:\/\/michael-koerner-art.com\/index.php?rest_route=\/wp\/v2\/pages\/2\/revisions"}],"predecessor-version":[{"id":78,"href":"https:\/\/michael-koerner-art.com\/index.php?rest_route=\/wp\/v2\/pages\/2\/revisions\/78"}],"wp:attachment":[{"href":"https:\/\/michael-koerner-art.com\/index.php?rest_route=%2Fwp%2Fv2%2Fmedia&parent=2"}],"curies":[{"name":"wp","href":"https:\/\/api.w.org\/{rel}","templated":true}]}}

Michael Körner Art

<p style="font-weight: 400;"><strong>Warum male ich so und nicht anders?</strong></p>
<p style="font-weight: 400;">Das hat etwas mit dem zu tun, was in der modernen Dienstleistungsgesellschaft alle Menschen beeinflusst:</p>
<p style="font-weight: 400;">Die Umstrukturierung der Arbeits-und Darstellungswelten geht hin zu&nbsp; immer exakteren Ergebnissen, zementiert in komplexen Computer-Programmen. Diese Entwicklung ist oft systemimmanent.</p>
<p style="font-weight: 400;">So arbeitet der moderne „Dienstleistungs-Mensch“ in äußerster Präzision mit seinen eigens dafür entwickelten, digitalen Planungs- und Kalkulationswerkzeugen. Er versucht damit, planbar und verlässlich, klar strukturiert und genau kalkulierend, alle Normen zu erfüllen und damit immer ein Optimum zu erzielen.</p>
<p style="font-weight: 400;">Bei den heutigen, virtuellen Welten &#8211; für Alles und Jedes werden Programme entwickelt &#8211; bleibt daher nichts dem Zufall überlassen. Alles wird vorhersehbar. Sogar der zufällige Moment wird als Gestaltungtool bei einigen Mal-und Zeichenprogrammen programmiert. Fast nicht zu unterscheiden von dem realen spontanen Moment.</p>
<p>Das Unkalkulierbare, der Moment, festgehalten in einem Farbspritzer vielleicht, das Handgemachte mit seinen Macken und Unzulänglichkeiten, das Ungenaue, aber Ausdrucksstarke&nbsp; des „Schnellen Handstrichs“ hat da schon lange keinen Platz mehr.<br />
Daher sehen meine Bilder so aus, wie sie sind – Imperfekt wie die Welt, aus der sie entstammen. Ein flüchtiger Blick auf unsere Umwelt &#8211;&nbsp; da auch die Zeit knapp geworden ist, mit der man sich mit einer Sache beschäftigt.<br />
Der Bildaufbau ist zwar überlegt, dennoch spontan in der Ausführung, den Moment festgehalten in einem Farbspritzer, der unkalkulierbar auf das Blatt geworfen wurde:</p>
<p style="font-weight: 400;">Handgemacht, ohne digitale Medien.</p>
<p style="font-weight: 400;">Mit Werkzeugen des 20. Jahrhunderts: Pinsel, Spachtel, Kohlestift und Hand mit dem schnellen Handstrich, Farbe gewischt mit dem Finger; manchmal auch sehr konzentriert und ausgearbeitet, manchmal ungenauer und unpräzise.</p>

<p>Warum male ich so und nicht anders? Das hat etwas mit dem zu tun, was in der modernen Dienstleistungsgesellschaft alle Menschen beeinflusst: Die Umstrukturierung der Arbeits-und Darstellungswelten geht hin zu&nbsp; immer exakteren Ergebnissen, zementiert in komplexen Computer-Programmen. Diese Entwicklung ist oft systemimmanent. So arbeitet der moderne „Dienstleistungs-Mensch“ in äußerster Präzision mit seinen eigens dafür entwickelten, [&hellip;]</p>
